4 - -45)?
-11
Calculate (-8 - (0 + 1)) + -78 + (-34 - (-53 - 29)).
-39
What is the value of -57 + -50 + 71 + 124 + -2?
86
(-4 - (-7 + 4) - -7) + (253 - 250)
9
Evaluate (-2 - 1) + -62 + (8 - (3 - -1)).
-61
Calculate -5 + -9 - (39 + -4 + -21).
-28
Evaluate (-11 - 27 - -3) + (4 - 16 - -4).
-43
Evaluate 22 - (-3 - 20 - -62) - -16 - (0 - 90).
89
What is the value of 88 + 2 + (-32 - 0) + (-7 - (-6 + -16))?
73
(301 - 80 - 64) + -135
22
Evaluate ((1 - 15) + -562 + 584 - -9) + 15.
32
Evaluate -70 - (16 - 2 - 46).
-38
What is (95 - 157 - 145) + 80?
-127
(7 - -137 - 59) + -53
32
Calculate 19 - ((-9 - -2) + 1 + (40 - -2 - 33)).
16
What is 1 + 8 - -5 - (6 - (19 - 23))?
4
What is the value of (-1 - -7) + -37 + -20 + (-1 - -9)?
-43
What is 2 - (18 - -26 - 44)?
2
Calculate -7415 + 7426 + (-3 - (-97 + (1 - (-1 - -3)))).
106
What is the value of -49 + (-7 - (4 - 2)) + (37 - (19 + 18))?
-58
What is -2929 + 2927 + 41 + -1?
38
Evaluate -15 + (-63 - -75) - (-36 + 1 + 1).
31
What is the value of (-11 - (-2 + -3)) + 3 + 299 + -264?
32
What is the value of 8 + -7 + -4 + -1 + -1 + 5?
0
Evaluate -6 + -18 + 0 + -8 + 45.
13
Evaluate 0 + -16 - (-1840 + 1855).
-31
What is the value of -9 + (-11 - (37 + -41))?
-16
-6 - ((-3 - -10 - -18) + -3)
-28
93 + (-55 + 106 - 100)
44
What is -40 + (-12 + 20 - -17) - (2 + 4)?
-21
What is the value of 0 - (14 - (-1 - -2)) - (-359 + 200 + 170)?
-24
Evaluate -11 - (-115 - -59) - 14.
31
-4 - ((7 - -5) + 11 + -89 - -7)
55
What is (17 - (41 - 11 - 21)) + -16 + 0?
-8
What is the value of -6 + 0 - (-5980 - -5942)?
32
What is -89 + (0 - -1) - (-6 - 9 - -3 - -27)?
-103
Calculate -4 - -1 - (-32 - (-43 + 3 + 6)).
-5
46 + -135 + 93 - (-1 - 76) - -9
90
What is the value of 30 + -84 - -14 - -67?
27
What is the value of 75 + -96 - 46 - -44?
-23
What is the value of 30 + (-37 - -14 - (-15 + -20))?
42
Evaluate -15 + 21 - (129 - 126 - (1 - 3 - 31)).
-30
What is 32 + -36 + 68 - 121?
-57
-152 + 389 + -254 + -80 + -1
-98
What is the value of 9 + (6 - 5) + 3 + 5 - 13?
5
What is -4 - (-8 + (-16 + 12 - 5 - (9 - 18)))?
4
What is -370 + 370 + (6 - -1)?
7
What is the value of 0 + 46 + 3 + (-1 + 15 - 20) + 13?
56
What is 97 - 88 - (-2 - (-9 + 1))?
3
(5 - 3 - 0) + -31 + -32 + 0
-61
What is the value of 6 - (37 - (4 - 1)) - -14 - -44?
30
85 - (32 - -102 - 154)
105
21 + -25 + (-9 - -5) - 2 - (80 - 0)
-90
(-7 - 4 - (-79 + 30)) + -1
37
What is 9 - (-57 + 2 + (4 - -10 - 5) + -2)?
57
7 - (-19 + 18 + 30 - -1)
-23
What is -44 + 101 + -84 + 46?
19
What is the value of (-95 - -42) + 10 - -50?
7
What is the value of (-5 + 55 - 19) + -43?
-12
Evaluate (63 - 80) + (5 - ((40 - 2) + -1)).
-49
What is (-90 + (21 + -35 - -1) - -13) + -14?
-104
(-1 - (7 + (3 - 7) - -47)) + (-72 - -85)
-38
149 + -72 + -79 - (-91 - (-3 - (2 - 4)))
88
Evaluate -85 - (-54 - (51 - 95)).
-75
What is -7 - (0 + 7 + -19 + 4 + 2)?
-1
Calculate 33 - (53 - (21 - -14 - -10)).
25
What is 6 - (-4 + 7) - 5 - 2 - (-78 - -2)?
72
What is 147 + -155 + (-4 - (-36 - -6) - -2)?
20
What is (22 - 39) + -32 + -37 + 16?
-70
Calculate (-10 - (0 + -1)) + (86 - 20) + -39 + 3.
21
What is the value of 8 + -36 + 31 + 46 + -21?
28
What is the value of (-2 + -37 - -59) + -17 + 0 + -59?
-56
What is 5 - (10 - 9) - -16 - (-14 - -6)?
28
Calculate -15 - ((36 - 46 - -33) + 35).
-73
-72 + 202 + -155 + 82
57
Evaluate 73 + (580 - 670) - (0 - (-1 - 0 - 0)).
-18
Evaluate -30 + 13 - (10 + 20 + 7 + -2).
-52
Calculate 7 + (-30 + 12 - 8 - -9) + 50.
40
What is the value of -121 - -66 - -10 - (2 + 22)?
-69
Evaluate -12 + 1 + -129 + 466 + -446.
-120
Evaluate (1 - -2) + -14 + -5 + -6 - (6 + -16).
-12
What is the value of 57 + -38 + 18 + 39 - (2 + (-1 - 12))?
87
Evaluate -7 + 7 + -23 + 7 + (38 - 27) - 53.
-58
Evaluate -50 - ((16 - 5 - (-1 + (7 - 2))) + -7).
-50
Evaluate 113 - (26 + 2) - 100.
-15
Calculate 28 + (38 - (70 + 3)) - 69.
-76
Evaluate -49 + 128 + -9 + -72.
-2
Calculate 97 - 195 - (100 - 90 - (-1 - 11)).
-120
What is the value of -34 + (29 - 12 - 6 - (3 + -1))?
-25
38 - -2 - (77 + -121 + 68)
16
13 + (0 - -4) + -679 + 631
-31
What is 3 - -7 - (-151 + 172)?
-11
33 - -10 - (-13 + (3 - 0)) - 6
47
What is the value of 17 + -53 - (4 + -24 - -14 - 5)?
-25
What is the value of 27 + (27 + (-24 - -16) - 2)?
44
What is 103 - 136 - (1 + -9 + 13 + 2)?
-40
What is the value of -3 + -11 + (26 - (-55 + 12 - 17))?
72
Evaluate 3 + 94 + -11 + (6 - (-9 - -16)).
85
Calculate (5 - (-17 + -4 + -4)) + -23.
7
Calculate -3 + (13 - -4 - 0) - (-15 - (28 - 47)).
10
What is the value of (7 - 2) + (-71 - -41 - -44)?
19
Calculate -34 + -48 + 44 + (-4 - 1).
-43
Calculate 94 - (5 - (-39 - (9 + (-18 - 14)))).
73
Evaluate 50 + -21 + 13 + (5 - (7 - 7)).
47
Evaluate 3 + (-9 - -110 - (0 + -3)) + (714 - 722).
99
What is the value of -39 - (33 + -125) - (1 + 11)?
41
-3 - (7 + -52) - 38
4
Calculate (-2 - -38) + -165 + 114.
-15
Calculate (72 - (-26 + 54)) + -91.
-47
What is the value of -44 + 88 + (-111 - -146)?
79
(-52 - -220 - -28) + -100
96
What is 52 + -27 + -27 + -26?
-28
What is -28 - (-6 - -24 - 38 - -1)?
-9
Evaluate 13 - 25 - (1 + -21) - (43 - 0).
-35
What is 56 - (98 + -145 - -83)?
20
(1408 - 1410) + (-1 - (-1 + -22))
20
What is the value of 94 + 16 + -149 - -52?
13
12 - 5 - (-6 + (4 - -7) + 29) - 3
-30
Evaluate 26 + 93 + -36 + -109.
-26
What is the value of 8 + (6 - -3 - -3 - (-586 + 623))?
-17
Evaluate 3 + 7 + -22 + 30 + 58 + -17.
59
Calculate -28 - (-15 + 134 + -234).
87
What is -25 - 0 - (-104 - (23 + -42))?
60
20 + 3 + -83 + -17 + 2
-75
Evaluate -10 + 510 + -508 + 4 + 0 + -1 + -7.
-12
Evaluate -4 - (-1 + 0 + 6 + (-65 + -19 - -77)).
-2
What is the value of 2 - (6 + 0) - (-39 + (74 - -4))?
-43
What is the value of 61 + -63 + 47 + (10 - (3 - 0)) + -1?
51
Evaluate -12 - 1 - ((632 - 524) + (13 - 0 - 1)).
-133
Calculate -21 + (40 - (-12 + 14 - 10)).
27
Calculate 20 - 24 - 31 - -51.
16
What is (-28 - -61) + -8 + -47 + 45?
23
What is the value of -7 + (-144 - -140 - (-2 + 3 - 3)) + -5?
-14
(4 - -2) + -2 + (22 - ((-7 - -1) + 14))
18
Calculate 2 - (26 - 31) - (4 - (0 + (-5 - -31))).
29
What is the value of -43 + (-1 - (55 + -40))?
-59
Calculate (6 - -4) + 66 + (-57 - 19).
0
What is the value of (9 - (-9 - 9 - (-70 + 30))) + -2?
-15
What is the value of -40 + 13 + (-133 - -29) + -17 + -3?
-151
What is the value of -1 - 2 - 24 - (-216 + 212)?
-23
What is the value of -3 - ((2 - (7 + -12) - -2) + -9 - -73)?
-76
What is the value of (16 - -121) + -687 + 639?
89
What is the value of 3 - 1 - (158 + -41 + -90)?
-25
What is the value of 82 + -56 + 23 + (-18 - 7)?
24
What is the value of 13 + (29 - 26 - (-9 + 1) - (-73 + 98))?
-1
What is 50 - (-49 - (22 + -207))?
-86
(-15 - (-18 + 14)) + -7 + (61 - 6)
37
Evaluate (-16 - -12) + (-1 - 0) + (59 - 18) + -33.
3
166 + (-17 + 3 - 11) - 11
130
Evaluate 6 - 30 - -24 - -9 - 0.
9
Evaluate (-18 - (7 + -17)) + (3 - 5) - (-1 + -44).
35
(-18 - (7 + -90)) + 14
79
What is the value of -2 - 11 - (-18 - -52 - 47)?
0
What is -89 - (-3 + -16 + -32)?
-38
What is 5 + (27 - (-4 + 21) - (-1 - -10)) + 46?
52
Evaluate (5 - (2 + 44 + -29)) + (-1 - -57).
44
-58 + (-6 + -5 - (-16 - -1))
-54
What is 30 - 30 - (-6 + 11) - (0 - 48) - 13?
30
Evaluate 6431 + -6435 - (-34 - (-3 - -2 - (0 - 3))).
32
What is (-37 - -16) + 22 + (36 + 1 - -3)?
41
(5 - (2 + -86)) + (9 - 5) + -13 + -2
78
What is 99 + (21 - 30) - (-8 + -5 + (1 - -5))?
97
Evaluate 46 + (1 - -21) + -245 + 211.
34
-11 + 8 + (32 - 1 - -23)
51
Evaluate 37 - (-63 + 30 + 34) - (-11 + -1).
48
What is the value of 59 - (57 - 93 - -65)?
30
(-48 - -1) + -1947 + 2003
9
Calculate -5 + -16 - ((10 - (-11 + 11) - 2) + -12).
-17
Calculate 107 + -153 + 7 + 8.
-31
((-2 - 3 - (66 + -70)) + -5 - -13) + -62
-55
What is 28 + 51 + -119 + 38?
-2
-20 - -12 - (-23 + (-9 - -48))
-24
-2 + -13 - (501 + -509)
-7
Evaluate -4 + (38 + -4 - 20).
10
4 - 14 - (-1 + 13 - (117 - (3 + 11)))
81
What is (5 - 7 - -11) + 14 + (14 - 50)?
-13
Evaluate 4 + 1 + 99 + -111 - 3 - (-2 + -6).
-2
Calculate -288 + 234 - (9 + 1 + -1) - (4 - 3).
-64
What is (-9 - 27) + 19 - (8 + -15 + -38)?
28
What is 33 - (-47 - -48) - 3?
29
-109 + (2 + (-13 - (-13 - 1)) + -7 - -20)
-93
Evaluate (-37 + -7 - 3 - -13) + (6 - 10).
-38
(-1 - (12 + -3 + 1 + -13 + 4)) + 57
55
(1 - 6 - (-179 + 163)) + 3
14
Calculate 3 + -48 + 174 - 5.
124
What is the value of -2 + (12 - -3) + (60 - 72) + -2 +